he units digit of 18205505?
5
What is the ten millions digit of 3296323135?
9
What is the billions digit of 1182919765?
1
What is the tens digit of 323690118?
1
What is the ten thousands digit of 2143128869?
2
What is the millions digit of 290847623?
0
What is the units digit of 71589243?
3
What is the hundred thousands digit of 400277772?
2
What is the millions digit of 114926743?
4
What is the ten millions digit of 554966831?
5
What is the hundred millions digit of 280193459?
2
What is the ten thousands digit of 98669999?
6
What is the hundred millions digit of 596595111?
5
What is the millions digit of 89363627?
9
What is the ten millions digit of 1673416195?
7
What is the ten millions digit of 180509659?
8
What is the tens digit of 16821616?
1
What is the ten thousands digit of 11770?
1
What is the hundred millions digit of 673302132?
6
What is the thousands digit of 58518325?
8
What is the hundreds digit of 225953466?
4
What is the ten thousands digit of 76010756?
1
What is the hundred millions digit of 181920517?
1
What is the tens digit of 102421144?
4
What is the millions digit of 49970231?
9
What is the hundreds digit of 419276372?
3
What is the ten thousands digit of 21147119?
4
What is the hundreds digit of 211982103?
1
What is the ten millions digit of 1331422678?
3
What is the hundreds digit of 5117309804?
8
What is the ten thousands digit of 1551173443?
7
What is the billions digit of 1753438354?
1
What is the hundreds digit of 1151625?
6
What is the ten millions digit of 164110573?
6
What is the hundred millions digit of 449897582?
4
What is the millions digit of 3148070677?
8
What is the hundreds digit of 36617100?
1
What is the ten thousands digit of 18377757?
7
What is the hundred thousands digit of 891177122?
1
What is the hundred millions digit of 7287958696?
2
What is the hundred millions digit of 3435501790?
4
What is the millions digit of 50244907?
0
What is the hundreds digit of 235775978?
9
What is the hundred millions digit of 242863103?
2
What is the tens digit of 547049228?
2
What is the millions digit of 90001690?
0
What is the hundred thousands digit of 26607081?
6
What is the hundred millions digit of 486361238?
4
What is the ten millions digit of 25718525?
2
What is the ten millions digit of 744412765?
4
What is the units digit of 1435246919?
9
What is the thousands digit of 80181484?
1
What is the ten millions digit of 915424329?
1
What is the ten millions digit of 1118873145?
1
What is the millions digit of 69142124?
9
What is the hundred thousands digit of 2094297968?
2
What is the thousands digit of 23295176?
5
What is the tens digit of 46798829?
2
What is the units digit of 2011204002?
2
What is the tens digit of 894972888?
8
What is the tens digit of 524634934?
3
What is the units digit of 386386235?
5
What is the units digit of 95542843?
3
What is the hundred thousands digit of 14333822?
3
What is the ten thousands digit of 600126742?
2
What is the tens digit of 519932095?
9
What is the ten millions digit of 1855677571?
5
What is the hundreds digit of 1595893691?
6
What is the thousands digit of 138928920?
8
What is the millions digit of 66976762?
6
What is the units digit of 3967797681?
1
What is the ten millions digit of 227735387?
2
What is the hundred millions digit of 4911988164?
9
What is the thousands digit of 5175265971?
5
What is the ten thousands digit of 492549465?
4
What is the hundred thousands digit of 65804874?
8
What is the millions digit of 1157176269?
7
What is the hundred millions digit of 1101541039?
1
What is the thousands digit of 1333839993?
9
What is the hundred millions digit of 1323202434?
3
What is the hundred thousands digit of 3349556548?
5
What is the hundred millions digit of 352766534?
3
What is the ten thousands digit of 22871783?
7
What is the thousands digit of 27814206?
4
What is the ten thousands digit of 184219638?
1
What is the hundreds digit of 904337958?
9
What is the tens digit of 507684659?
5
What is the hundred millions digit of 392028077?
3
What is the hundred millions digit of 103321006?
1
What is the tens digit of 140457002?
0
What is the units digit of 1333569996?
6
What is the hundreds digit of 567556888?
8
What is the ten thousands digit of 48942383?
4
What is the thousands digit of 4666864344?
4
What is the thousands digit of 11317437?
7
What is the units digit of 304902557?
7
What is the hundred thousands digit of 90488623?
4
What is the hundreds digit of 1875429401?
4
What is the ten thousands digit of 395715481?
1
What is the hundred thousands digit of 23022993?
0
What is the ten millions digit of 23615827?
2
What is the hundred millions digit of 267663534?
2
What is the hundreds digit of 48896062?
0
What is the millions digit of 3929673505?
9
What is the hundred thousands digit of 52257419?
2
What is the units digit of 747579239?
9
What is the units digit of 273723315?
5
What is the thousands digit of 28533960?
3
What is the millions digit of 54801586?
4
What is the hundreds digit of 28919531?
5
What is the hundred millions digit of 1240330358?
2
What is the ten millions digit of 121937330?
2
What is the ten thousands digit of 386835601?
3
What is the ten thousands digit of 7471930257?
3
What is the thousands digit of 446842965?
2
What is the units digit of 1518926341?
1
What is the units digit of 11002471?
1
What is the ten millions digit of 47338533?
4
What is the thousands digit of 12019494?
9
What is the tens digit of 8836465994?
9
What is the ten millions digit of 1416299683?
1
What is the hundred thousands digit of 153947782?
9
What is the hundred millions digit of 2605264126?
6
What is the thousands digit of 98686963?
6
What is the thousands digit of 68651102?
1
What is the millions digit of 2674774099?
4
What is the hundreds digit of 220134228?
2
What is the thousands digit of 73740492?
0
What is the ten millions digit of 19205942?
1
What is the ten millions digit of 381881097?
8
What is the hundreds digit of 2807567712?
7
What is the ten millions digit of 319718025?
1
What is the hundred millions digit of 2469264839?
4
What is the units digit of 1172681363?
3
What is the millions digit of 1127417?
1
What is the hundred thousands digit of 23494697?
4
What is the units digit of 2814930637?
7
What is the hundreds digit of 93588056?
0
What is the millions digit of 230989982?
0
What is the ten millions digit of 3119742759?
1
What is the ten thousands digit of 3148414?
4
What is the tens digit of 435079429?
2
What is the ten thousands digit of 268735989?
3
What is the hundred millions digit of 608007109?
6
What is the thousands digit of 33480004?
0
What is the thousands digit of 178272794?
2
What is the thousands digit of 6149671540?
1
What is the hundred millions digit of 5516951778?
5
What is the millions digit of 85799379?
5
What is the units digit of 344059800?
0
What is the thousands digit of 28283119?
3
What is the tens digit of 3292582696?
9
What is the millions digit of 12845056?
2
What is the hundred thousands digit of 468230660?
2
What is the hundred thousands digit of 42198307?
1
What is the ten millions digit of 154553001?
5
What is the units digit of 159823838?
8
What is the millions digit of 1108409629?
8
What is the hundred thousands digit of 2716780625?
7
What is the tens digit of 676921384?
8
What is the millions digit of 7607652577?
7
What is the ten thousands digit of 268664940?
6
What is the thousands digit of 137129?
7
What is the hundred millions digit of 164272320?
1
What is the hundreds digit of 1998872539?
5
What is the hundred thousands digit of 177808301?
8
What is the millions digit of 904675739?
4
What is the millions digit of 3134779893?
4
What is the thousands digit of 184388284?
8
What is the ten millions digit of 601883408?
0
What is the millions digit of 14396738?
4
What is the ten millions digit of 1521267338?
2
What is the units digit of 42087602?
2
What is the hundred thousands digit of 43683005?
6
What is the millions digit of 86935954?
6
What is the hundreds digit of 944484926?
9
What is the ten millions digit of 218602733?
1
What is the units digit of 207061220?
0
What is the tens digit of 6734286?
8
What is the ten millions digit of 83643473?
8
What is the thousands digit of 251976375?
6
What is the ten